{"id":581,"date":"2017-07-24T15:21:55","date_gmt":"2017-07-24T15:21:55","guid":{"rendered":"http:\/\/swissmentalhealthcare.ch\/smhc\/?page_id=581"},"modified":"2023-01-18T09:22:15","modified_gmt":"2023-01-18T09:22:15","slug":"105-2","status":"publish","type":"page","link":"https:\/\/swissmentalhealthcare.ch\/smhc\/respektvolle-wahrnehmung\/recovery\/105-2\/","title":{"rendered":"Handlungsfeld: Recovery <br>Adressat: \u00d6ffentlichkeit"},"content":{"rendered":"<table style=\"width: 100%;\">\n<tbody>\n<tr>\n<td style=\"text-align: center; width: 49.3467%;\"><strong>Klinik \/ Ansprechperson<\/strong><\/td>\n<td style=\"background-color: #d8e4bc; text-align: center; width: 50.0503%;\"><strong style=\"font-family: inherit; font-size: inherit;\">Handlungsfeld: Recovery<\/strong><br \/>\n<strong>Adressat: \u00d6ffentlichkeit<\/strong><\/td>\n<\/tr>\n<tr>\n<td style=\"background-color: #d8e4bc; width: 49.3467%;\"><strong>Psychiatrie St. Gallen\u00a0 &#8211; Klinik St. Pirminsberg in Pf\u00e4fers<br \/>\n<\/strong><strong style=\"font-family: inherit; font-size: inherit;\">Gerda Malojer<br \/>\n<\/strong><a href=\"mailto:gerda.malojer@psychiatrie-sg.ch\"><strong>gerda.malojer@psychiatrie-sg.ch<\/strong><\/a><strong style=\"font-family: inherit; font-size: inherit;\"><br \/>\n<\/strong><\/td>\n<td style=\"width: 50.0503%;\">Offene, trialogische Gespr\u00e4chsabende in der Klinik zu fachlichen Themen<\/td>\n<\/tr>\n<tr>\n<td style=\"width: 49.3467%;\"><\/td>\n<td style=\"width: 50.0503%;\"><\/td>\n<\/tr>\n<tr>\n<td style=\"background-color: #d8e4bc; width: 49.3467%;\"><strong>Luzerner Psychiatrie<br \/>\n<\/strong><strong>vakant<\/strong><\/td>\n<td style=\"width: 50.0503%;\">Wird mit einzelnen Aktivit\u00e4ten bearbeitet, steht aber nicht im haupts\u00e4chlichen Fokus<\/td>\n<\/tr>\n<tr>\n<td style=\"width: 49.3467%;\"><\/td>\n<td style=\"width: 50.0503%;\"><\/td>\n<\/tr>\n<tr>\n<td style=\"background-color: #d8e4bc; width: 49.3467%;\"><strong>Clienia Privatklinik Littenheid<br \/>\n<\/strong><strong style=\"font-family: inherit; font-size: inherit;\">Hubert Dietschi<br \/>\n<\/strong><a style=\"font-family: inherit; font-size: inherit;\" href=\"mailto:hubert.dietschi@clienia.ch\"><strong>hubert.dietschi@clienia.ch<\/strong><\/a><strong style=\"font-family: inherit; font-size: inherit;\"><br \/>\n<\/strong><\/td>\n<td style=\"width: 50.0503%;\">Keine Aktivit\u00e4t<\/td>\n<\/tr>\n<tr>\n<td style=\"width: 49.3467%;\"><\/td>\n<td style=\"width: 50.0503%;\"><\/td>\n<\/tr>\n<tr>\n<td style=\"background-color: #d8e4bc; width: 49.3467%;\"><strong>PZM Psychiatriezentrum M\u00fcnsingen<br \/>\n<\/strong><strong style=\"font-family: inherit; font-size: inherit;\">Brigitte Egli<br \/>\n<\/strong><a href=\"mailto:brigitte.egli@pzmag.ch\"><strong>brigitte.egli@pzmag.ch<\/strong><\/a><\/td>\n<td style=\"width: 50.0503%;\">\n<ul>\n<li>Basarstand zum Thema Recovery<\/li>\n<li>Forum Theater<\/li>\n<li>Poster Ausstellung<\/li>\n<li>Fotoausstellung<\/li>\n<\/ul>\n<\/td>\n<\/tr>\n<tr>\n<td style=\"width: 49.3467%;\"><\/td>\n<td style=\"width: 50.0503%;\"><\/td>\n<\/tr>\n<tr>\n<td style=\"background-color: #d8e4bc; width: 49.3467%;\"><strong>Privatklinik Meiringen<br \/>\n<\/strong><strong style=\"font-family: inherit; font-size: inherit;\">Marianne von Dach Nicolay<\/strong><a style=\"font-family: inherit; font-size: inherit;\" href=\"mailto:marianne.vondachnicolay@privatklinik-meiringen.ch\"><strong><br \/>\nmarianne.vondachnicolay@privatklinik-meiringen.ch<\/strong><\/a><\/td>\n<td style=\"width: 50.0503%;\">Berichte durch Peers in den \u00f6ffentl. Medien<\/td>\n<\/tr>\n<tr>\n<td style=\"width: 49.3467%;\"><\/td>\n<td style=\"width: 50.0503%;\"><\/td>\n<\/tr>\n<tr>\n<td style=\"background-color: #d8e4bc; width: 49.3467%;\"><strong>Psychiatrischen Dienste Aargau<br \/>\n<\/strong><strong style=\"font-family: inherit; font-size: inherit;\">Eduard Zander<br \/>\n<\/strong><a href=\"mailto:eduard.zander@pdag.ch\"><strong>eduard.zander@pdag.ch<\/strong><\/a><\/td>\n<td style=\"width: 50.0503%;\">\n<ul>\n<li>Reduktion von Stigmatisierung<\/li>\n<li>Verst\u00e4ndnis<\/li>\n<li>Pr\u00e4ventionscharakter<\/li>\n<li>\u00a0\u201eArbeitsmarktf\u00e4higkeit\u201c Nicht immer gegeben<\/li>\n<\/ul>\n<\/td>\n<\/tr>\n<tr>\n<td style=\"width: 49.3467%;\"><\/td>\n<td style=\"width: 50.0503%;\"><\/td>\n<\/tr>\n<tr>\n<td style=\"background-color: #d8e4bc; width: 49.3467%;\"><strong>Klinik SGM Langenthal<br \/>\n<\/strong><strong>Iris Uffer<br \/>\n<\/strong><a style=\"font-family: inherit; font-size: inherit;\" href=\"mailto:iris.uffer@klinik-sgm.ch\"><strong>iris.uffer@klinik-sgm.ch<\/strong><\/a><\/td>\n<td style=\"width: 50.0503%;\">\n<ul>\n<li>Reduktion von Stigmatisierung: Stelle ich zum heutigen Zeitpunkt noch in Frage<\/li>\n<li>Verst\u00e4ndnis: denke ich, w\u00e4re da. \u00d6ffentlichkeitsarbeit w\u00e4re auch in dem Thema wichtig<\/li>\n<li>Pr\u00e4ventionscharakter: optimistisch gesehen, ja<\/li>\n<li>&#8222;Arbeitsmarktf\u00e4higkeit&#8220;: Gute Pr\u00fcfung mit einzelnen Institutionen\/Arbeitgeber<\/li>\n<\/ul>\n<\/td>\n<\/tr>\n<tr>\n<td style=\"width: 49.3467%;\"><\/td>\n<td style=\"width: 50.0503%;\"><\/td>\n<\/tr>\n<tr>\n<td style=\"background-color: #d8e4bc; width: 49.3467%;\"><strong>Psychiatrische Dienste Graub\u00fcnden<br \/>\n<\/strong><strong>Andreas Werner-Reisdorf<br \/>\n<\/strong><a href=\"mailto:andreas.werner-reisdorf@pdgr.ch\"><strong>andreas.werner-reisdorf@pdgr.ch\u00a0<\/strong><\/a><\/td>\n<td style=\"width: 50.0503%;\">\n<ul>\n<li>\u00d6ffentliche Vortr\u00e4ge und Diskussionsrunden<\/li>\n<li>Wissenschaftscafe<\/li>\n<li>Medienpr\u00e4senz von &#8222;guten und sch\u00f6nen&#8220; Produkten der ARBES<\/li>\n<\/ul>\n<\/td>\n<\/tr>\n<tr>\n<td style=\"width: 49.3467%;\"><\/td>\n<td style=\"width: 50.0503%;\"><\/td>\n<\/tr>\n<tr>\n<td style=\"background-color: #d8e4bc; width: 49.3467%;\"><strong>Integrierte Psychiatrie Winterthur<br \/>\n<\/strong><strong style=\"font-family: inherit; font-size: inherit;\">Bruno Dolci<br \/>\n<\/strong><a href=\"mailto:bruno.dolci@ipw.ch\"><strong>bruno.dolci@ipw.ch<\/strong><\/a><\/td>\n<td style=\"width: 50.0503%;\">\n<ul>\n<li>Teil von \u00d6ffentlichkeitsarbeit<\/li>\n<li>Vortr\u00e4gen<\/li>\n<li>Diskussionsveranstaltungen<\/li>\n<\/ul>\n<\/td>\n<\/tr>\n<tr>\n<td style=\"width: 49.3467%;\"><\/td>\n<td style=\"width: 50.0503%;\"><\/td>\n<\/tr>\n<tr>\n<td style=\"background-color: #d8e4bc; width: 49.3467%;\"><strong>Psychiatrie St. Gallen<br \/>\n<\/strong><strong>Esther Linka<br \/>\n<\/strong><a href=\"mailto:Esther.linka@psychiatrie.sg.ch\"><strong>Esther.linka@psychiatrie.sg.ch <\/strong><\/a><\/td>\n<td style=\"width: 50.0503%;\">\n<ul>\n<li>Trialogisches Angebot S\u00e4ntistagung<\/li>\n<li>Ausstellungen und F\u00fchrungen durch das Living Museum<\/li>\n<li>Referat am Montag<\/li>\n<\/ul>\n<\/td>\n<\/tr>\n<tr>\n<td style=\"width: 49.3467%;\"><\/td>\n<td style=\"width: 50.0503%;\"><\/td>\n<\/tr>\n<tr>\n<td style=\"background-color: #d8e4bc; width: 49.3467%;\"><strong>Sanatorium Kilchberg AG<br \/>\n<\/strong><strong style=\"font-family: inherit; font-size: inherit;\">Harald M\u00fcller<br \/>\n<\/strong><a href=\"mailto:h.mueller@sanatorium-kilchberg.ch\"><strong>h.mueller@sanatorium-kilchberg.ch<\/strong><\/a><\/td>\n<td style=\"width: 50.0503%;\">\n<ul>\n<li>\u00d6ffentlichkeitsarbeit zum Thema Recovery\/Peerarbeit<\/li>\n<li>Artikel in Fachzeitschriften<\/li>\n<li>Interprofessionelle Aspekte von Recovery<\/li>\n<li>Veranstaltungen zum Thema Recovery und Peerarbeit in der Klinik<\/li>\n<\/ul>\n<\/td>\n<\/tr>\n<tr>\n<td style=\"width: 49.3467%;\"><\/td>\n<td style=\"width: 50.0503%;\"><\/td>\n<\/tr>\n<tr>\n<td style=\"background-color: #d8e4bc; width: 49.3467%;\"><strong>Psychiatriezentrum Breitenau<br \/>\n<\/strong><strong>Petra Homburger<br \/>\n<\/strong><a href=\"mailto:petra.homburger@anti-clutterspitaeler-sh.ch\"><strong style=\"font-family: inherit; font-size: inherit;\">petra.homburger@<\/strong><strong style=\"font-family: inherit; font-size: inherit;\">anti-clutter<\/strong><strong style=\"font-family: inherit; font-size: inherit;\">spitaeler-sh.ch<\/strong><\/a><\/td>\n<td style=\"width: 50.0503%;\">Keine Angaben<\/td>\n<\/tr>\n<tr>\n<td style=\"width: 49.3467%;\"><\/td>\n<td style=\"width: 50.0503%;\"><\/td>\n<\/tr>\n<tr>\n<td style=\"background-color: #d8e4bc; width: 49.3467%;\"><strong>Privatklinik Hohenegg<br \/>\n<\/strong><strong style=\"font-family: inherit; font-size: inherit;\">Anja Arnold<br \/>\n<\/strong><strong>anja.arnold@hohenegg.ch<\/strong><\/td>\n<td style=\"width: 50.0503%;\">Keine Angaben<\/td>\n<\/tr>\n<tr>\n<td style=\"width: 49.3467%;\"><\/td>\n<td style=\"width: 50.0503%;\"><\/td>\n<\/tr>\n<tr>\n<td style=\"background-color: #d8e4bc; width: 49.3467%;\"><strong>Spital Wallis<br \/>\n<\/strong><strong>Ursula Amherd<br \/>\n<\/strong><a style=\"font-family: inherit; font-size: inherit;\" href=\"mailto:ursula.amherd@hospitalvs.ch\"><strong>ursula.amherd@hospitalvs.ch<\/strong><\/a><\/td>\n<td style=\"width: 50.0503%;\">Abkl\u00e4rungsm\u00f6glichkeiten in der\u00a0 Tagesklinik und Arbeitstherapie, Arbeitstraining\u00a0 IV wird in den Prozess involviert<\/td>\n<\/tr>\n<tr>\n<td style=\"width: 49.3467%;\"><\/td>\n<td style=\"width: 50.0503%;\"><\/td>\n<\/tr>\n<tr>\n<td style=\"background-color: #d8e4bc; width: 49.3467%;\"><strong>Clienia Schl\u00f6ssli<br \/>\n<\/strong><strong>J\u00fcrg Dinkel<br \/>\n<\/strong><a href=\"mailto:juerg.dinkel@clienia.ch\"><strong>juerg.dinkel@clienia.ch<\/strong><\/a><\/td>\n<td style=\"width: 50.0503%;\">Keine Erfahrung<\/td>\n<\/tr>\n<tr>\n<td style=\"width: 49.3467%;\"><\/td>\n<td style=\"width: 50.0503%;\"><\/td>\n<\/tr>\n<tr>\n<td style=\"background-color: #d8e4bc; width: 49.3467%;\"><strong>Centre Neuch\u00e2telois de Psychiatrie<br \/>\n<\/strong><strong style=\"font-family: inherit; font-size: inherit;\">Emmanuelle Garnier<br \/>\n<\/strong><a href=\"mailto:emmanuelle.garnier@cnp.ch\"><strong>emmanuelle.garnier@cnp.ch<\/strong><\/a><\/td>\n<td style=\"width: 50.0503%;\">\n<ul>\n<li>Entwicklung von Zusammenarbeitsstrategien mit der IV, Alfaset bei der Wiedereingliederung der Patienten<\/li>\n<li>Entwicklung der Zusammenarbeit mit der Association neuch\u00e2teloise d\u2019action et d\u2019accueil psychiatrique (ANAAP)<\/li>\n<\/ul>\n<\/td>\n<\/tr>\n<tr>\n<td style=\"width: 49.3467%;\"><\/td>\n<td style=\"width: 50.0503%;\"><\/td>\n<\/tr>\n<tr>\n<td style=\"background-color: #d8e4bc; width: 49.3467%;\"><strong>Netzwerk psychische Gesundheit<br \/>\n<\/strong><strong style=\"font-family: inherit; font-size: inherit;\">(R\u00e9seau sant\u00e9 mentale RSM )<br \/>\n<\/strong><strong style=\"font-family: inherit; font-size: inherit;\">Nicolas Racine<br \/>\n<\/strong><a style=\"font-family: inherit; font-size: inherit;\" href=\"mailto:nicolas.racine@sante-mentale.ch\"><strong>nicolas.racine@sante-mentale.ch<\/strong><\/a><strong style=\"font-family: inherit; font-size: inherit;\"><br \/>\n<\/strong><\/td>\n<td style=\"width: 50.0503%;\">\n<ul>\n<li>Informationen m\u00fcssen einem breiten Publikum zug\u00e4nglich gemacht werden<\/li>\n<li>Botschaften vermitteln, welche eine gr\u00f6ssere Autonomie\/Entscheidungskompetenz der Patienten herausstreichen<\/li>\n<\/ul>\n<\/td>\n<\/tr>\n<tr>\n<td style=\"width: 49.3467%;\"><\/td>\n<td style=\"width: 50.0503%;\"><\/td>\n<\/tr>\n<tr>\n<td style=\"background-color: #d8e4bc; width: 49.3467%;\"><strong>Clinica Viarnetto<br \/>\n<\/strong><strong style=\"font-family: inherit; font-size: inherit;\">A. Girardi<br \/>\n<\/strong><a style=\"font-family: inherit; font-size: inherit;\" href=\"mailto:a.girardi@clinicaviarnetto.ch\"><strong>a.girardi@clinicaviarnetto.ch<\/strong><\/a><\/td>\n<td style=\"width: 50.0503%;\">Keine Angaben<\/td>\n<\/tr>\n<\/tbody>\n<\/table>\n","protected":false},"excerpt":{"rendered":"<p>Klinik \/ Ansprechperson Handlungsfeld: Recovery Adressat: \u00d6ffentlichkeit Psychiatrie St. Gallen\u00a0 &#8211; Klinik St. Pirminsberg in Pf\u00e4fers Gerda Malojer gerda.malojer@psychiatrie-sg.ch Offene, trialogische Gespr\u00e4chsabende in der Klinik zu fachlichen Themen Luzerner Psychiatrie vakant Wird mit einzelnen Aktivit\u00e4ten bearbeitet, steht aber nicht im haupts\u00e4chlichen Fokus Clienia Privatklinik Littenheid Hubert Dietschi hubert.dietschi@clienia.ch Keine Aktivit\u00e4t PZM Psychiatriezentrum M\u00fcnsingen Brigitte Egli &#8230; <a title=\"Handlungsfeld: Recovery Adressat: \u00d6ffentlichkeit\" class=\"read-more\" href=\"https:\/\/swissmentalhealthcare.ch\/smhc\/respektvolle-wahrnehmung\/recovery\/105-2\/\" aria-label=\"Mehr Informationen \u00fcber Handlungsfeld: Recovery Adressat: \u00d6ffentlichkeit\">&gt;&gt;&gt;<\/a><\/p>\n","protected":false},"author":1,"featured_media":368,"parent":624,"menu_order":105,"comment_status":"closed","ping_status":"closed","template":"","meta":{"generate_page_header":"","footnotes":""},"class_list":{"0":"post-581","1":"page","2":"type-page","3":"status-publish","4":"has-post-thumbnail","6":"infinite-scroll-item"},"translation":{"provider":"WPGlobus","version":"3.0.2","language":"de","enabled_languages":["de","fr"],"languages":{"de":{"title":true,"content":true,"excerpt":false},"fr":{"title":false,"content":false,"excerpt":false}}},"_links":{"self":[{"href":"https:\/\/swissmentalhealthcare.ch\/smhc\/wp-json\/wp\/v2\/pages\/581","targetHints":{"allow":["GET"]}}],"collection":[{"href":"https:\/\/swissmentalhealthcare.ch\/smhc\/wp-json\/wp\/v2\/pages"}],"about":[{"href":"https:\/\/swissmentalhealthcare.ch\/smhc\/wp-json\/wp\/v2\/types\/page"}],"author":[{"embeddable":true,"href":"https:\/\/swissmentalhealthcare.ch\/smhc\/wp-json\/wp\/v2\/users\/1"}],"replies":[{"embeddable":true,"href":"https:\/\/swissmentalhealthcare.ch\/smhc\/wp-json\/wp\/v2\/comments?post=581"}],"version-history":[{"count":14,"href":"https:\/\/swissmentalhealthcare.ch\/smhc\/wp-json\/wp\/v2\/pages\/581\/revisions"}],"predecessor-version":[{"id":2024,"href":"https:\/\/swissmentalhealthcare.ch\/smhc\/wp-json\/wp\/v2\/pages\/581\/revisions\/2024"}],"up":[{"embeddable":true,"href":"https:\/\/swissmentalhealthcare.ch\/smhc\/wp-json\/wp\/v2\/pages\/624"}],"wp:featuredmedia":[{"embeddable":true,"href":"https:\/\/swissmentalhealthcare.ch\/smhc\/wp-json\/wp\/v2\/media\/368"}],"wp:attachment":[{"href":"https:\/\/swissmentalhealthcare.ch\/smhc\/wp-json\/wp\/v2\/media?parent=581"}],"curies":[{"name":"wp","href":"https:\/\/api.w.org\/{rel}","templated":true}]}}