{"id":578,"date":"2017-07-24T15:20:09","date_gmt":"2017-07-24T15:20:09","guid":{"rendered":"http:\/\/swissmentalhealthcare.ch\/smhc\/?page_id=578"},"modified":"2023-01-18T09:14:45","modified_gmt":"2023-01-18T09:14:45","slug":"101-2","status":"publish","type":"page","link":"https:\/\/swissmentalhealthcare.ch\/smhc\/respektvolle-wahrnehmung\/recovery\/101-2\/","title":{"rendered":"Handlungsfeld: Recovery <br>Adressaten: Betroffene"},"content":{"rendered":"<table style=\"width: 100%; height: 2808px;\">\n<tbody>\n<tr style=\"height: 48px;\">\n<td style=\"text-align: center; height: 48px;\"><strong>Klinik \/ Ansprechperson<\/strong><\/td>\n<td style=\"background-color: #d8e4bc; text-align: center; height: 48px;\"><strong style=\"font-family: inherit; font-size: inherit;\">Handlungsfeld: Recovery<\/strong><br \/>\n<strong>Adressaten: Betroffene<\/strong><\/td>\n<\/tr>\n<tr style=\"height: 96px;\">\n<td style=\"background-color: #d8e4bc; height: 96px;\"><strong>Psychiatrie St. Gallen \u2013 Klinik St.Pirminsberg Pf\u00e4fers<br \/>\n<\/strong><strong style=\"font-family: inherit; font-size: inherit;\">Thomas Lampert<br \/>\n<\/strong><strong style=\"font-family: inherit; font-size: inherit;\"><a href=\"mailto:thomas.lampert@psychiatrie-sg.ch\">thomas.lampert@psychiatrie-sg.ch<\/a><\/strong><\/td>\n<td style=\"height: 96px;\">\n<ul>\n<li>Konzeptualisierung und Einsatz von Peermitarbeitern<\/li>\n<li>Qualit\u00e4tsbefragungen von Peers in Form von Fokusgruppen auf allen Stationen.<\/li>\n<\/ul>\n<\/td>\n<\/tr>\n<tr style=\"height: 24px;\">\n<td style=\"height: 24px;\"><\/td>\n<td style=\"height: 24px;\"><\/td>\n<\/tr>\n<tr style=\"height: 128px;\">\n<td style=\"background-color: #d8e4bc; height: 128px;\"><strong>Luzerner Psychiatrie<br \/>\n<\/strong><strong>vakant<\/strong><\/td>\n<td style=\"height: 128px;\">\n<ul>\n<li>Wir arbeiten seit 2011 mit Peers, inzwischen sind 200% im Einsatz<\/li>\n<li>Die Ziele bez\u00fcglich Betroffene, Angeh\u00f6rige und Professionals werden erreicht<\/li>\n<li>Die Angebote werden sehr gesch\u00e4tzt und die Haltungs\u00e4nderung ist im Alltag sp\u00fcrbar<\/li>\n<\/ul>\n<\/td>\n<\/tr>\n<tr style=\"height: 24px;\">\n<td style=\"height: 24px;\"><\/td>\n<td style=\"height: 24px;\"><\/td>\n<\/tr>\n<tr style=\"height: 128px;\">\n<td style=\"background-color: #d8e4bc; height: 128px;\"><strong>Clienia Privatklinik Littenheid<br \/>\n<\/strong><strong style=\"font-family: inherit; font-size: inherit;\">Hubert Dietschi<br \/>\n<\/strong><a style=\"font-family: inherit; font-size: inherit;\" href=\"mailto:hubert.dietschi@clienia.ch\"><strong>hubert.dietschi@clienia.ch<\/strong><\/a><strong style=\"font-family: inherit; font-size: inherit;\"><br \/>\n<\/strong><\/td>\n<td style=\"height: 128px;\">\n<ul>\n<li>Recovery-Schulung Behandlungsteams<\/li>\n<li>Peers in der Klink angestellt<\/li>\n<li>Recovery-Konzept<\/li>\n<li>Gruppenangebote und Einzelinterventionen von Peers f\u00fcr Patienten<\/li>\n<\/ul>\n<\/td>\n<\/tr>\n<tr style=\"height: 24px;\">\n<td style=\"height: 24px;\"><\/td>\n<td style=\"height: 24px;\"><\/td>\n<\/tr>\n<tr style=\"height: 200px;\">\n<td style=\"background-color: #d8e4bc; height: 200px;\"><strong>PZM Psychiatriezentrum M\u00fcnsingen<br \/>\n<\/strong><strong style=\"font-family: inherit; font-size: inherit;\">Brigitte Egli<br \/>\n<\/strong><a href=\"mailto:brigitte.egli@pzmag.ch\"><strong>brigitte.egli@pzmag.ch<\/strong><\/a><\/td>\n<td style=\"height: 200px;\">\n<ul>\n<li>Filmvorf\u00fchrungen mit anschliessender Diskussion<\/li>\n<li>Infothek<\/li>\n<li>Freizeithaus mit verschiedenen Angeboten vor allem abends und am Wochenende<\/li>\n<li>Poster Ausstellung<\/li>\n<li>Gesundheitsberatung<\/li>\n<li>Forum Theater<\/li>\n<\/ul>\n<\/td>\n<\/tr>\n<tr style=\"height: 24px;\">\n<td style=\"height: 24px;\"><\/td>\n<td style=\"height: 24px;\"><\/td>\n<\/tr>\n<tr style=\"height: 96px;\">\n<td style=\"background-color: #d8e4bc; height: 96px;\"><strong>Privatklinik Meiringen<br \/>\n<\/strong><strong style=\"font-family: inherit; font-size: inherit;\">Marianne von Dach Nicolay<\/strong><a style=\"font-family: inherit; font-size: inherit;\" href=\"mailto:marianne.vondachnicolay@privatklinik-meiringen.ch\"><strong><br \/>\nmarianne.vondachnicolay@privatklinik-meiringen.ch<\/strong><\/a><\/td>\n<td style=\"height: 96px;\">Zwei Peer-MA sind fest in der Klinik angestellt und arbeiten im klinischen Alltag mit<\/td>\n<\/tr>\n<tr style=\"height: 24px;\">\n<td style=\"height: 24px;\"><\/td>\n<td style=\"height: 24px;\"><\/td>\n<\/tr>\n<tr style=\"height: 224px;\">\n<td style=\"background-color: #d8e4bc; height: 224px;\"><strong>Psychiatrischen Dienste Aargau<br \/>\n<\/strong><strong style=\"font-family: inherit; font-size: inherit;\">Eduard Zander<br \/>\n<\/strong><a href=\"mailto:eduard.zander@pdag.ch\"><strong>eduard.zander@pdag.ch<\/strong><\/a><\/td>\n<td style=\"height: 224px;\">\n<ul>\n<li>Auf gleicher Augenh\u00f6he, Empathie<\/li>\n<li>Einbezug von Erfahrenen in die Behandlung<\/li>\n<li>Wahlm\u00f6glichkeiten<\/li>\n<li>Sich aufgehoben f\u00fchlen, willkommen sein<\/li>\n<li>Perspektiven entwickeln k\u00f6nnen<\/li>\n<li>Anliegen von Betroffenen in die Politik tragen<\/li>\n<li>F\u00fcr diesen Bereich werden aktuell mehrere Genesungsbegleiter eingesetzt<\/li>\n<li>Missing link.<\/li>\n<\/ul>\n<\/td>\n<\/tr>\n<tr style=\"height: 24px;\">\n<td style=\"height: 24px;\"><\/td>\n<td style=\"height: 24px;\"><\/td>\n<\/tr>\n<tr style=\"height: 176px;\">\n<td style=\"background-color: #d8e4bc; height: 176px;\"><strong>Klinik SGM Langenthal<br \/>\n<\/strong><strong>Iris Uffer<br \/>\n<\/strong><a style=\"font-family: inherit; font-size: inherit;\" href=\"mailto:iris.uffer@klinik-sgm.ch\"><strong>iris.uffer@klinik-sgm.ch<\/strong><\/a><\/td>\n<td style=\"height: 176px;\">\n<ul>\n<li>Auf gleicher Augenh\u00f6he, Empathie: ist unter eines unserer Hauptanliegen.<\/li>\n<li>Einbezug von Erfahrenen in die Behandlung: Ja.<\/li>\n<li>Wahlm\u00f6glichkeit: Ja.<\/li>\n<li>Sich aufgehoben f\u00fchlen, willkommen sein: Ja, sehr.<\/li>\n<li>Perspektiven entwickeln k\u00f6nnen: Ja.<\/li>\n<li>Anliegen von Betroffenen in die Politik tragen: je nach Gef\u00e4ss, Ja.<\/li>\n<\/ul>\n<\/td>\n<\/tr>\n<tr style=\"height: 24px;\">\n<td style=\"height: 24px;\"><\/td>\n<td style=\"height: 24px;\"><\/td>\n<\/tr>\n<tr style=\"height: 128px;\">\n<td style=\"background-color: #d8e4bc; height: 128px;\"><strong>Psychiatrische Dienste Graub\u00fcnden<br \/>\nAndreas Werner-Reisdorf<br \/>\n<a href=\"mailto:andreas.werner-reisdorf@pdgr.ch\">andreas.werner-reisdorf@pdgr.ch<\/a><br \/>\n<\/strong><\/td>\n<td style=\"height: 128px;\">\n<ul>\n<li>Einsatz von Peermitarbeitern<\/li>\n<li>Stationsweise Umsetzung von Recovery in Entwicklung<\/li>\n<li>Recovery-Schulung Behandlungsteams<\/li>\n<li>Haltungsschulung zum Thema offene Psychiatrie<\/li>\n<\/ul>\n<\/td>\n<\/tr>\n<tr style=\"height: 24px;\">\n<td style=\"height: 24px;\"><\/td>\n<td style=\"height: 24px;\"><\/td>\n<\/tr>\n<tr style=\"height: 104px;\">\n<td style=\"background-color: #d8e4bc; height: 104px;\"><strong>Integrierte Psychiatrie Winterthur &#8211; Z\u00fcrcher Unterland<br \/>\n<\/strong><strong style=\"font-family: inherit; font-size: inherit;\">Bruno Dolci<br \/>\n<\/strong><strong><a href=\"mailto:bruno.dolci@ipw.ch\">bruno.dolci@ipw.ch<\/a><\/strong><\/td>\n<td style=\"height: 104px;\">\n<ul>\n<li>Recovery-Konzept<\/li>\n<li>Impulsgruppe intern mit Peers<\/li>\n<li>Von Peers gef\u00fchrte Gruppen im Akutbereich<\/li>\n<\/ul>\n<\/td>\n<\/tr>\n<tr style=\"height: 24px;\">\n<td style=\"height: 24px;\"><\/td>\n<td style=\"height: 24px;\"><\/td>\n<\/tr>\n<tr style=\"height: 104px;\">\n<td style=\"background-color: #d8e4bc; height: 104px;\"><strong>Psychiatrie St. Gallen<br \/>\n<\/strong><strong>Esther Linka<br \/>\n<\/strong><b><a href=\"mailto:esther.linka@psychiatrie-sg.ch\">esther.linka@psychiatrie-sg.ch<\/a><\/b><\/td>\n<td style=\"height: 104px;\">\n<ul>\n<li>Konzept zur Peer-Mitarbeit vorhanden<\/li>\n<li>Einsatz von Peer-Mitarbeitenden<\/li>\n<li>Trialogisches Angebot S\u00e4ntistagung<\/li>\n<\/ul>\n<\/td>\n<\/tr>\n<tr style=\"height: 24px;\">\n<td style=\"height: 24px;\"><\/td>\n<td style=\"height: 24px;\"><\/td>\n<\/tr>\n<tr style=\"height: 248px;\">\n<td style=\"background-color: #d8e4bc; height: 248px;\"><strong>Sanatorium Kilchberg AG<br \/>\n<\/strong><strong style=\"font-family: inherit; font-size: inherit;\">Harald M\u00fcller<br \/>\n<\/strong><a href=\"mailto:h.mueller@sanatorium-kilchberg.ch\"><strong>h.mueller@sanatorium-kilchberg.ch<\/strong><\/a><\/td>\n<td style=\"height: 248px;\">\n<ul>\n<li>Erweiterte Wahlm\u00f6glichkeiten f\u00fcr Patienten (Peer-Arbeit)<\/li>\n<li>Offene Stationen, offene Psychiatrie<\/li>\n<li>Systematisches mehrdimensionales Programm zur Reduktion von Zwangsmassnahmen<\/li>\n<li>&#8222;In W\u00fcrde zu sich stehen&#8220; Gruppenprogramm zur Offenlegung der eigenen Erkrankung<\/li>\n<li>Gruppenangebote und Einzelinterventionen von Peers f\u00fcr Patienten<\/li>\n<li>Patientenbegleitung durch Peer<\/li>\n<li>Patientenaufnahme mit Peer Mitarbeiter\/innen<\/li>\n<\/ul>\n<\/td>\n<\/tr>\n<tr style=\"height: 24px;\">\n<td style=\"height: 24px;\"><\/td>\n<td style=\"height: 24px;\"><\/td>\n<\/tr>\n<tr style=\"height: 96px;\">\n<td style=\"background-color: #d8e4bc; height: 96px;\"><strong>Psychiatriezentrum Breitenau<br \/>\n<\/strong><strong>Petra Homburger<br \/>\n<\/strong><a href=\"mailto:petra.homburger@anti-clutterspitaeler-sh.ch\"><strong style=\"font-family: inherit; font-size: inherit;\">petra.homburger@<\/strong><strong style=\"font-family: inherit; font-size: inherit;\">anti-clutter<\/strong><strong style=\"font-family: inherit; font-size: inherit;\">spitaeler-sh.ch<\/strong><\/a><\/td>\n<td style=\"height: 96px;\">Wir versuchen, nach Recovery-Aspekten zu arbeiten, viele Elemente sind im therapeutischen Setting enthalten, ohne dass wir es bisher als Recovery bezeichnen. Wir arbeiten bisher nicht mit Peers Psychiatrieerfahrenen.<\/td>\n<\/tr>\n<tr style=\"height: 24px;\">\n<td style=\"height: 24px;\"><\/td>\n<td style=\"height: 24px;\"><\/td>\n<\/tr>\n<tr style=\"height: 72px;\">\n<td style=\"background-color: #d8e4bc; height: 72px;\"><strong>Privatklinik Hohenegg<br \/>\n<\/strong><strong style=\"font-family: inherit; font-size: inherit;\">Anja Arnold<br \/>\n<\/strong><a href=\"mailto:anja.arnold@hohenegg.ch\"><strong>anja.arnold@hohenegg.ch<\/strong><\/a><\/td>\n<td style=\"height: 72px;\">Keine Angaben<\/td>\n<\/tr>\n<tr style=\"height: 24px;\">\n<td style=\"height: 24px;\"><\/td>\n<td style=\"height: 24px;\"><\/td>\n<\/tr>\n<tr style=\"height: 72px;\">\n<td style=\"background-color: #d8e4bc; height: 72px;\"><strong>Spital Wallis<br \/>\n<\/strong><strong>Ursula Amherd<br \/>\n<\/strong><a style=\"font-family: inherit; font-size: inherit;\" href=\"mailto:ursula.amherd@hospitalvs.ch\"><strong>ursula.amherd@hospitalvs.ch<\/strong><\/a><\/td>\n<td style=\"height: 72px;\">Die Meinung des Patient wird zu wenig respektiert von \u00e4rztlicher Seite, Sprachprobleme der \u00c4rzte<\/td>\n<\/tr>\n<tr style=\"height: 24px;\">\n<td style=\"height: 24px;\"><\/td>\n<td style=\"height: 24px;\"><\/td>\n<\/tr>\n<tr style=\"height: 96px;\">\n<td style=\"background-color: #d8e4bc; height: 96px;\"><strong>Clienia Schl\u00f6ssli<br \/>\n<\/strong><strong>J\u00fcrg Dinkel<br \/>\n<\/strong><a href=\"mailto:juerg.dinkel@clienia.ch\"><strong>juerg.dinkel@clienia.ch<\/strong><\/a><\/td>\n<td style=\"height: 96px;\">Seit Jahren werden stations\u00fcbergeordnet zweiw\u00f6chentlich stattfindende AA- und NA-Meetings organisiert und durchgef\u00fchrt. Vorprojekt zum Miteinbezug von Recovery-Elementen und Peer-Mitarbeit (Experienced Involvement) im station\u00e4ren Setting l\u00e4uft.<\/td>\n<\/tr>\n<tr style=\"height: 24px;\">\n<td style=\"height: 24px;\"><\/td>\n<td style=\"height: 24px;\"><\/td>\n<\/tr>\n<tr style=\"height: 104px;\">\n<td style=\"background-color: #d8e4bc; height: 104px;\"><strong>Centre Neuch\u00e2telois de Psychiatrie<br \/>\n<\/strong><strong style=\"font-family: inherit; font-size: inherit;\">Emmanuelle Garnier<br \/>\n<\/strong><a href=\"mailto:emmanuelle.garnier@cnp.ch\"><strong>emmanuelle.garnier@cnp.ch<\/strong><\/a><\/td>\n<td style=\"height: 104px;\">\n<ul>\n<li>Innerhalb der Institution Arbeitspl\u00e4tze f\u00fcr ausgebildete Peers einrichten<\/li>\n<li>Entwicklung des Empfangskonzepts<\/li>\n<li>Prozedere f\u00fcr interne und externe Reklamationen<\/li>\n<\/ul>\n<\/td>\n<\/tr>\n<tr style=\"height: 24px;\">\n<td style=\"height: 24px;\"><\/td>\n<td style=\"height: 24px;\"><\/td>\n<\/tr>\n<tr style=\"height: 200px;\">\n<td style=\"background-color: #d8e4bc; height: 200px;\"><strong>Netzwerk psychische Gesundheit<br \/>\n<\/strong><strong style=\"font-family: inherit; font-size: inherit;\">(R\u00e9seau sant\u00e9 mentale RSM )<br \/>\n<\/strong><strong style=\"font-family: inherit; font-size: inherit;\">Nicolas Racine<br \/>\n<\/strong><a style=\"font-family: inherit; font-size: inherit;\" href=\"mailto:nicolas.racine@sante-mentale.ch\"><strong>nicolas.racine@sante-mentale.ch<\/strong><\/a><strong style=\"font-family: inherit; font-size: inherit;\"><br \/>\n<\/strong><\/td>\n<td style=\"height: 200px;\">\n<ul>\n<li>Der Patient wird als Experte angesehen, was seine Krankheit und seine Bed\u00fcrfnisse betrifft<\/li>\n<li>Auf die Empfindungen der Patienten achtgeben, wissen, wie sie zu interpretieren sind, und Patienten ermutigen, sich auszusprechen<\/li>\n<li>Patienten zuh\u00f6ren und ihre Bed\u00fcrfnisse und W\u00fcnsche ber\u00fccksichtigen; versuchen, sie zu erf\u00fcllen<\/li>\n<li>Vermittlung von Patientenrechten auch in externen Netzwerken.<\/li>\n<\/ul>\n<\/td>\n<\/tr>\n<tr style=\"height: 24px;\">\n<td style=\"height: 24px;\"><\/td>\n<td style=\"height: 24px;\"><\/td>\n<\/tr>\n<tr style=\"height: 80px;\">\n<td style=\"background-color: #d8e4bc; height: 80px;\"><strong>Clinica Viarnetto<br \/>\n<\/strong><strong style=\"font-family: inherit; font-size: inherit;\">A. Girardi<br \/>\n<\/strong><a style=\"font-family: inherit; font-size: inherit;\" href=\"mailto:a.girardi@clinicaviarnetto.ch\"><strong>a.girardi@clinicaviarnetto.ch<\/strong><\/a><\/td>\n<td style=\"height: 80px;\">\n<ul>\n<li>Personalisierte Pflegepl\u00e4ne<\/li>\n<li>Psychoedukative Interventionen<\/li>\n<\/ul>\n<\/td>\n<\/tr>\n<\/tbody>\n<\/table>\n","protected":false},"excerpt":{"rendered":"<p>Klinik \/ Ansprechperson Handlungsfeld: Recovery Adressaten: Betroffene Psychiatrie St. Gallen \u2013 Klinik St.Pirminsberg Pf\u00e4fers Thomas Lampert thomas.lampert@psychiatrie-sg.ch Konzeptualisierung und Einsatz von Peermitarbeitern Qualit\u00e4tsbefragungen von Peers in Form von Fokusgruppen auf allen Stationen. Luzerner Psychiatrie vakant Wir arbeiten seit 2011 mit Peers, inzwischen sind 200% im Einsatz Die Ziele bez\u00fcglich Betroffene, Angeh\u00f6rige und Professionals werden erreicht &#8230; <a title=\"Handlungsfeld: Recovery Adressaten: Betroffene\" class=\"read-more\" href=\"https:\/\/swissmentalhealthcare.ch\/smhc\/respektvolle-wahrnehmung\/recovery\/101-2\/\" aria-label=\"Mehr Informationen \u00fcber Handlungsfeld: Recovery Adressaten: Betroffene\">&gt;&gt;&gt;<\/a><\/p>\n","protected":false},"author":1,"featured_media":368,"parent":624,"menu_order":101,"comment_status":"closed","ping_status":"closed","template":"","meta":{"generate_page_header":"","footnotes":""},"class_list":{"0":"post-578","1":"page","2":"type-page","3":"status-publish","4":"has-post-thumbnail","6":"infinite-scroll-item"},"translation":{"provider":"WPGlobus","version":"3.0.2","language":"de","enabled_languages":["de","fr"],"languages":{"de":{"title":true,"content":true,"excerpt":false},"fr":{"title":false,"content":false,"excerpt":false}}},"_links":{"self":[{"href":"https:\/\/swissmentalhealthcare.ch\/smhc\/wp-json\/wp\/v2\/pages\/578","targetHints":{"allow":["GET"]}}],"collection":[{"href":"https:\/\/swissmentalhealthcare.ch\/smhc\/wp-json\/wp\/v2\/pages"}],"about":[{"href":"https:\/\/swissmentalhealthcare.ch\/smhc\/wp-json\/wp\/v2\/types\/page"}],"author":[{"embeddable":true,"href":"https:\/\/swissmentalhealthcare.ch\/smhc\/wp-json\/wp\/v2\/users\/1"}],"replies":[{"embeddable":true,"href":"https:\/\/swissmentalhealthcare.ch\/smhc\/wp-json\/wp\/v2\/comments?post=578"}],"version-history":[{"count":31,"href":"https:\/\/swissmentalhealthcare.ch\/smhc\/wp-json\/wp\/v2\/pages\/578\/revisions"}],"predecessor-version":[{"id":1494,"href":"https:\/\/swissmentalhealthcare.ch\/smhc\/wp-json\/wp\/v2\/pages\/578\/revisions\/1494"}],"up":[{"embeddable":true,"href":"https:\/\/swissmentalhealthcare.ch\/smhc\/wp-json\/wp\/v2\/pages\/624"}],"wp:featuredmedia":[{"embeddable":true,"href":"https:\/\/swissmentalhealthcare.ch\/smhc\/wp-json\/wp\/v2\/media\/368"}],"wp:attachment":[{"href":"https:\/\/swissmentalhealthcare.ch\/smhc\/wp-json\/wp\/v2\/media?parent=578"}],"curies":[{"name":"wp","href":"https:\/\/api.w.org\/{rel}","templated":true}]}}