{"id":575,"date":"2017-07-24T15:18:29","date_gmt":"2017-07-24T15:18:29","guid":{"rendered":"http:\/\/swissmentalhealthcare.ch\/smhc\/?page_id=575"},"modified":"2023-01-18T09:17:04","modified_gmt":"2023-01-18T09:17:04","slug":"102-2","status":"publish","type":"page","link":"https:\/\/swissmentalhealthcare.ch\/smhc\/respektvolle-wahrnehmung\/recovery\/102-2\/","title":{"rendered":"Handlungsfeld: Recovery <br>Adressaten: Angeh\u00f6rige"},"content":{"rendered":"<table>\n<tbody>\n<tr>\n<td style=\"text-align: center;\"><strong>Klinik \/ Ansprechperson<\/strong><\/td>\n<td style=\"background-color: #d8e4bc; text-align: center;\"><strong style=\"font-family: inherit; font-size: inherit;\">Handlungsfeld: Recovery<\/strong><br \/>\n<strong>Adressaten: Angeh\u00f6rige<\/strong><\/td>\n<\/tr>\n<tr>\n<td style=\"background-color: #d8e4bc;\"><strong>Psychiatrie St. Gallen\u00a0 &#8211; Klinik St. Pirminsberg in Pf\u00e4fers<br \/>\n<\/strong><strong style=\"font-family: inherit; font-size: inherit;\">Gerda Malojer<br \/>\n<\/strong><a href=\"mailto:gerda.malojer@psychiatrie-sg.ch\"><strong>gerda.malojer@psychiatrie-sg.ch<\/strong><\/a><strong style=\"font-family: inherit; font-size: inherit;\"><br \/>\n<\/strong><\/td>\n<td>Kostenloses Angebot von Angeh\u00f6rigenberatung<\/td>\n<\/tr>\n<tr>\n<td><\/td>\n<td><\/td>\n<\/tr>\n<tr>\n<td style=\"background-color: #d8e4bc;\"><strong>Luzerner Psychiatrie<br \/>\n<\/strong><strong>vakant<br \/>\n<\/strong><\/td>\n<td>\n<ul>\n<li>Wir arbeiten seit 2011 mit Peers, inzwischen sind 200% im Einsatz<\/li>\n<li>Die Ziele bez\u00fcglich Betroffene, Angeh\u00f6rige und Professionals werden erreicht<\/li>\n<li>Die Angebote werden sehr gesch\u00e4tzt und die Haltungs\u00e4nderung ist im Alltag sp\u00fcrbar<\/li>\n<\/ul>\n<\/td>\n<\/tr>\n<tr>\n<td><\/td>\n<td><\/td>\n<\/tr>\n<tr>\n<td style=\"background-color: #d8e4bc;\"><strong>Clienia Privatklinik Littenheid<br \/>\n<\/strong><strong style=\"font-family: inherit; font-size: inherit;\">Hubert Dietschi<br \/>\n<\/strong><a style=\"font-family: inherit; font-size: inherit;\" href=\"mailto:hubert.dietschi@clienia.ch\"><strong>hubert.dietschi@clienia.ch<\/strong><\/a><strong style=\"font-family: inherit; font-size: inherit;\"><br \/>\n<\/strong><\/td>\n<td>\n<ul>\n<li>Konzept Angeh\u00f6rigenarbeit<\/li>\n<li>Vermittlung von Selbsthilfegruppen<\/li>\n<\/ul>\n<\/td>\n<\/tr>\n<tr>\n<td><\/td>\n<td><\/td>\n<\/tr>\n<tr>\n<td style=\"background-color: #d8e4bc;\"><strong>PZM Psychiatriezentrum M\u00fcnsingen<br \/>\n<\/strong><strong style=\"font-family: inherit; font-size: inherit;\">Brigitte Egli<br \/>\n<\/strong><a href=\"mailto:brigitte.egli@pzmag.ch\"><strong>brigitte.egli@pzmag.ch<\/strong><\/a><\/td>\n<td>\n<ul>\n<li>Filmvorf\u00fchrungen mit anschliessender Diskussion<\/li>\n<li>Infothek<\/li>\n<li>Poster Ausstellung<\/li>\n<li>Fotoausstellung<\/li>\n<li>Gesundheitsberatung<\/li>\n<li>Forum Theater<\/li>\n<\/ul>\n<\/td>\n<\/tr>\n<tr>\n<td><\/td>\n<td><\/td>\n<\/tr>\n<tr>\n<td style=\"background-color: #d8e4bc;\"><strong>Privatklinik Meiringen<br \/>\n<\/strong><strong style=\"font-family: inherit; font-size: inherit;\">Marianne von Dach Nicolay<\/strong><a style=\"font-family: inherit; font-size: inherit;\" href=\"mailto:marianne.vondachnicolay@privatklinik-meiringen.ch\"><strong><br \/>\nmarianne.vondachnicolay@privatklinik-meiringen.ch<\/strong><\/a><\/td>\n<td>Integration auch in Angeh\u00f6rigengespr\u00e4chen, wenn es als sinnvoll erachtet wird<\/td>\n<\/tr>\n<tr>\n<td><\/td>\n<td><\/td>\n<\/tr>\n<tr>\n<td style=\"background-color: #d8e4bc;\"><strong>Psychiatrischen Dienste Aargau<br \/>\n<\/strong><strong style=\"font-family: inherit; font-size: inherit;\">Eduard Zander<br \/>\n<\/strong><a href=\"mailto:eduard.zander@pdag.ch\"><strong>eduard.zander@pdag.ch<\/strong><\/a><\/td>\n<td>\n<ul>\n<li>Stigmatisierung reduzieren, begegnen<\/li>\n<li>Verst\u00e4ndnis f\u00fcr die Krankheit\/Situation entwickeln<\/li>\n<li>Wissen \u00fcber Unterst\u00fctzungsangebote<\/li>\n<li>Verst\u00e4ndnis f\u00fcr die Situation der Angeh\u00f6rigen<\/li>\n<li>Seit Oktober 2016 gibt es eine Angeh\u00f6rigengruppe<\/li>\n<\/ul>\n<\/td>\n<\/tr>\n<tr>\n<td><\/td>\n<td><\/td>\n<\/tr>\n<tr>\n<td style=\"background-color: #d8e4bc;\"><strong>Klinik SGM Langenthal<br \/>\n<\/strong><strong>Iris Uffer<br \/>\n<\/strong><a style=\"font-family: inherit; font-size: inherit;\" href=\"mailto:iris.uffer@klinik-sgm.ch\"><strong>iris.uffer@klinik-sgm.ch<\/strong><\/a><\/td>\n<td>\n<ul>\n<li>Stigmatisierung reduzieren, begegnen: Ja<\/li>\n<li>Verst\u00e4ndnis f\u00fcr die Krankheit\/Situation entwickeln: im Rahmen der Gespr\u00e4chsgef\u00e4ssen, ja.<\/li>\n<li>Wissen \u00fcber Unterst\u00fctzungsangebote: ja, geben wir weiter und sprechen bei Bedarf dar\u00fcber.<\/li>\n<li>Verst\u00e4ndnis f\u00fcr die Situation der Angeh\u00f6rigen: ist absolut da.<\/li>\n<\/ul>\n<\/td>\n<\/tr>\n<tr>\n<td><\/td>\n<td><\/td>\n<\/tr>\n<tr>\n<td style=\"background-color: #d8e4bc;\"><strong>Psychiatrische Dienste Graub\u00fcnden<br \/>\n<\/strong><strong>Andreas Werner Reisdorf<br \/>\n<\/strong><strong><a href=\"mailto:andreas.werner-reisdorf@pdgr.ch\">andreas.werner-reisdorf@pdgr.ch<\/a>\u00a0<\/strong><\/td>\n<td>\n<ul>\n<li>Teilnahme von Pflegefachpersonen HF\/FH an Trialogen<\/li>\n<li>Gemeinsame Entwicklung des Krisendiagramms<\/li>\n<li>Standardisierte Angeh\u00f6rigenarbeit<\/li>\n<\/ul>\n<\/td>\n<\/tr>\n<tr>\n<td><\/td>\n<td><\/td>\n<\/tr>\n<tr>\n<td style=\"background-color: #d8e4bc;\"><strong>Integrierte Psychiatrie Winterthur<br \/>\n<\/strong><strong style=\"font-family: inherit; font-size: inherit;\">Bruno Dolci<br \/>\n<\/strong><a href=\"mailto:bruno.dolci@ipw.ch\"><strong>bruno.dolci@ipw.ch<\/strong><\/a><\/td>\n<td>keine Aktivit\u00e4t<\/td>\n<\/tr>\n<tr>\n<td><\/td>\n<td><\/td>\n<\/tr>\n<tr>\n<td style=\"background-color: #d8e4bc;\"><strong>Psychiatrie St. Gallen<br \/>\n<\/strong><strong>Esther Linka<br \/>\n<\/strong><a href=\"mailto:Esther.linka@psychiatrie-sg.ch\"><strong>Esther.linka@psychiatrie-sg.ch <\/strong><\/a><\/td>\n<td>\n<ul>\n<li>Unentgeltliches Beratungsangebot f\u00fcr Angeh\u00f6rige<\/li>\n<li>Trialogisches Angebot S\u00e4ntistagung<\/li>\n<li>Besuche im Living Museum<\/li>\n<\/ul>\n<\/td>\n<\/tr>\n<tr>\n<td><\/td>\n<td><\/td>\n<\/tr>\n<tr>\n<td style=\"background-color: #d8e4bc;\"><strong>Sanatorium Kilchberg AG<br \/>\n<\/strong><strong style=\"font-family: inherit; font-size: inherit;\">Harald M\u00fcller<br \/>\n<\/strong><a href=\"mailto:h.mueller@sanatorium-kilchberg.ch\"><strong>h.mueller@sanatorium-kilchberg.ch<\/strong><\/a><\/td>\n<td>\n<ul>\n<li>\u00d6ffentliche Veranstaltungen zum Thema Recovery<\/li>\n<li>Konzept Angeh\u00f6rigenarbeit<\/li>\n<li>Vermittlung von Selbsthilfegruppen<\/li>\n<\/ul>\n<\/td>\n<\/tr>\n<tr>\n<td><\/td>\n<td><\/td>\n<\/tr>\n<tr>\n<td style=\"background-color: #d8e4bc;\"><strong>Psychiatriezentrum Breitenau<br \/>\n<\/strong><strong>Petra Homburger<br \/>\n<\/strong><a href=\"mailto:petra.homburger@anti-clutterspitaeler-sh.ch\"><strong style=\"font-family: inherit; font-size: inherit;\">petra.homburger@<\/strong><strong style=\"font-family: inherit; font-size: inherit;\">anti-clutter<\/strong><strong style=\"font-family: inherit; font-size: inherit;\">spitaeler-sh.ch<\/strong><\/a><\/td>\n<td><\/td>\n<\/tr>\n<tr>\n<td><\/td>\n<td><\/td>\n<\/tr>\n<tr>\n<td style=\"background-color: #d8e4bc;\"><strong>Privatklinik Hohenegg<br \/>\n<\/strong><strong style=\"font-family: inherit; font-size: inherit;\">Anja Arnold<br \/>\n<\/strong><a href=\"mailto:anja.arnold@hohenegg.ch\"><strong>anja.arnold@hohenegg.ch<\/strong><\/a><\/td>\n<td>Angeh\u00f6rigengruppe 1x Monat<\/td>\n<\/tr>\n<tr>\n<td><\/td>\n<td><\/td>\n<\/tr>\n<tr>\n<td style=\"background-color: #d8e4bc;\"><strong>Spital Wallis<br \/>\n<\/strong><strong>Ursula Amherd<br \/>\n<\/strong><a style=\"font-family: inherit; font-size: inherit;\" href=\"mailto:ursula.amherd@hospitalvs.ch\"><strong>ursula.amherd@hospitalvs.ch<\/strong><\/a><\/td>\n<td>\n<ul>\n<li>Angeh\u00f6rigen Gruppe ist gut organisiert<\/li>\n<li>ist etabliert<\/li>\n<li>Flyer<\/li>\n<li>Prospekte<\/li>\n<li>Durchf\u00fchrungen<\/li>\n<\/ul>\n<\/td>\n<\/tr>\n<tr>\n<td><\/td>\n<td><\/td>\n<\/tr>\n<tr>\n<td style=\"background-color: #d8e4bc;\"><strong>Clienia Schl\u00f6ssli<br \/>\n<\/strong><strong>J\u00fcrg Dinkel<br \/>\n<\/strong><a href=\"mailto:juerg.dinkel@clienia.ch\"><strong>juerg.dinkel@clienia.ch<\/strong><\/a><\/td>\n<td>\n<ul>\n<li>Im Rahmen von Einzel- oder Familiengespr\u00e4chen oder in Gespr\u00e4chen mit Institutionen werden gem\u00e4ss den rechtlichen Vorgaben Informationen abgegeben<\/li>\n<li>Im Rahmen der Nutzung der Angeh\u00f6rigenberatungsstelle der Klinik.<\/li>\n<\/ul>\n<\/td>\n<\/tr>\n<tr>\n<td><\/td>\n<td><\/td>\n<\/tr>\n<tr>\n<td style=\"background-color: #d8e4bc;\"><strong>Centre Neuch\u00e2telois de Psychiatrie<br \/>\nEmmanuelle Garnier<br \/>\n<a href=\"mailto:emmanuelle.garnier@cnp.ch\">emmanuelle.garnier@cnp.ch<\/a><\/strong><\/td>\n<td><em>Profamille<\/em>-Programm. Unterst\u00fctzung von Vereinigungen. Arbeit am Empfang der Familienangeh\u00f6rigen.<\/td>\n<\/tr>\n<tr>\n<td><\/td>\n<td><\/td>\n<\/tr>\n<tr>\n<td style=\"background-color: #d8e4bc;\"><strong>Netzwerk psychische Gesundheit<br \/>\n(R\u00e9seau sant\u00e9 mentale RSM )<br \/>\nNicolas Racine<br \/>\n<a href=\"mailto:nicolas.racine@sante-mentale.ch\">nicolas.racine@sante-mentale.ch<\/a><\/strong><\/td>\n<td>\n<ul>\n<li>Angeh\u00f6rige \u00fcber Ressourcen des Patienten informieren sowie \u00fcber seine Entscheidungsf\u00e4higkeit<\/li>\n<li>Die Situation des Patienten zusammenfassen, wobei seine Kompetenzen betont werden sollen<\/li>\n<li>Angeh\u00f6rige \u00fcber m\u00f6gliche Unterst\u00fctzungsangebote in ihrem Kontext informieren<\/li>\n<li>Verf\u00fcgbar sein, um W\u00fcnsche und Bitten seitens der Angeh\u00f6rigen aufzugreifen oder Konflikte zu l\u00f6sen<\/li>\n<li>Umsetzung des psychoedukativen Programms PROFAMILLE<\/li>\n<\/ul>\n<\/td>\n<\/tr>\n<tr>\n<td><\/td>\n<td><\/td>\n<\/tr>\n<tr>\n<td style=\"background-color: #d8e4bc;\"><strong>Clinica Viarnetto<br \/>\n<\/strong><strong>A. Girardi<br \/>\n<\/strong><a href=\"mailto:a.girardi@clinicaviarnetto.ch\"><strong>a.girardi@clinicaviarnetto.ch<\/strong><\/a><\/td>\n<td>Regelm\u00e4ssige Kontakte mit der Familie w\u00e4hrend der gesamten Hospitalisation<\/td>\n<\/tr>\n<\/tbody>\n<\/table>\n","protected":false},"excerpt":{"rendered":"<p>Klinik \/ Ansprechperson Handlungsfeld: Recovery Adressaten: Angeh\u00f6rige Psychiatrie St. Gallen\u00a0 &#8211; Klinik St. Pirminsberg in Pf\u00e4fers Gerda Malojer gerda.malojer@psychiatrie-sg.ch Kostenloses Angebot von Angeh\u00f6rigenberatung Luzerner Psychiatrie vakant Wir arbeiten seit 2011 mit Peers, inzwischen sind 200% im Einsatz Die Ziele bez\u00fcglich Betroffene, Angeh\u00f6rige und Professionals werden erreicht Die Angebote werden sehr gesch\u00e4tzt und die Haltungs\u00e4nderung ist &#8230; <a title=\"Handlungsfeld: Recovery Adressaten: Angeh\u00f6rige\" class=\"read-more\" href=\"https:\/\/swissmentalhealthcare.ch\/smhc\/respektvolle-wahrnehmung\/recovery\/102-2\/\" aria-label=\"Mehr Informationen \u00fcber Handlungsfeld: Recovery Adressaten: Angeh\u00f6rige\">&gt;&gt;&gt;<\/a><\/p>\n","protected":false},"author":1,"featured_media":368,"parent":624,"menu_order":102,"comment_status":"closed","ping_status":"closed","template":"","meta":{"generate_page_header":"","footnotes":""},"class_list":{"0":"post-575","1":"page","2":"type-page","3":"status-publish","4":"has-post-thumbnail","6":"infinite-scroll-item"},"translation":{"provider":"WPGlobus","version":"3.0.2","language":"de","enabled_languages":["de","fr"],"languages":{"de":{"title":true,"content":true,"excerpt":false},"fr":{"title":false,"content":false,"excerpt":false}}},"_links":{"self":[{"href":"https:\/\/swissmentalhealthcare.ch\/smhc\/wp-json\/wp\/v2\/pages\/575","targetHints":{"allow":["GET"]}}],"collection":[{"href":"https:\/\/swissmentalhealthcare.ch\/smhc\/wp-json\/wp\/v2\/pages"}],"about":[{"href":"https:\/\/swissmentalhealthcare.ch\/smhc\/wp-json\/wp\/v2\/types\/page"}],"author":[{"embeddable":true,"href":"https:\/\/swissmentalhealthcare.ch\/smhc\/wp-json\/wp\/v2\/users\/1"}],"replies":[{"embeddable":true,"href":"https:\/\/swissmentalhealthcare.ch\/smhc\/wp-json\/wp\/v2\/comments?post=575"}],"version-history":[{"count":18,"href":"https:\/\/swissmentalhealthcare.ch\/smhc\/wp-json\/wp\/v2\/pages\/575\/revisions"}],"predecessor-version":[{"id":2017,"href":"https:\/\/swissmentalhealthcare.ch\/smhc\/wp-json\/wp\/v2\/pages\/575\/revisions\/2017"}],"up":[{"embeddable":true,"href":"https:\/\/swissmentalhealthcare.ch\/smhc\/wp-json\/wp\/v2\/pages\/624"}],"wp:featuredmedia":[{"embeddable":true,"href":"https:\/\/swissmentalhealthcare.ch\/smhc\/wp-json\/wp\/v2\/media\/368"}],"wp:attachment":[{"href":"https:\/\/swissmentalhealthcare.ch\/smhc\/wp-json\/wp\/v2\/media?parent=575"}],"curies":[{"name":"wp","href":"https:\/\/api.w.org\/{rel}","templated":true}]}}